{"id":2519,"date":"2016-02-17T14:58:16","date_gmt":"2016-02-17T14:58:16","guid":{"rendered":"http:\/\/graficolor.hu\/webshop\/?page_id=2519"},"modified":"2021-06-30T13:02:11","modified_gmt":"2021-06-30T11:02:11","slug":"altalanos-szerzodesi-feltetelek","status":"publish","type":"page","link":"https:\/\/graficolor.hu\/webshop\/altalanos-szerzodesi-feltetelek\/","title":{"rendered":"\u00c1ltal\u00e1nos szerz\u0151d\u00e9si felt\u00e9telek"},"content":{"rendered":"<h1>\u00c1ltal\u00e1nos Szerz\u0151d\u00e9si \u00e9s Felhaszn\u00e1l\u00e1si felt\u00e9telek<\/h1>\n<p><span style=\"text-decoration: underline\"><strong>K\u00e9rj\u00fck, ha a szerz\u0151d\u00e9s b\u00e1rmely r\u00e9sz\u00e9vel kapcsolatban k\u00e9rd\u00e9se mer\u00fcl fel, keresse \u00fcgyf\u00e9lszolg\u00e1latunkat, ahol pontos t\u00e1j\u00e9koztat\u00e1st kaphat!<\/strong><\/span><\/p>\n<h2>\u00dczemeltet\u0151i adatok<\/h2>\n<p>C\u00e9gn\u00e9v: Graficolor Kft.<br \/>\nSz\u00e9khely: 2890 Tata \u00d6veges u. 11.<br \/>\nLevelez\u00e9si c\u00edm: 2890 Tata, M\u00e1jus 1. \u00fat 6.<br \/>\nAd\u00f3sz\u00e1m: 11190868-2-11<br \/>\nC\u00e9gjegyz\u00e9ksz\u00e1m: 11-09-003376<br \/>\nSzerz\u0151d\u00e9s nyelve: magyar<br \/>\nEl\u00e9rhet\u0151s\u00e9g: webshop@graficolor.hu<br \/>\nTelefon: +36-34\/587-270<\/p>\n<p><strong>Az \u00fcgyf\u00e9lszolg\u00e1lat nyitva tart\u00e1sa: H-P 8.00-13.00, 14.00-16.30<\/strong><\/p>\n<h2>Term\u00e9kek \u00e9s szolg\u00e1ltat\u00e1sok k\u00f6re<\/h2>\n<p>A Graficolor web\u00e1ruh\u00e1z a megjelen\u00edtett term\u00e9keket forgalmazza \u00e9s szolg\u00e1ltat\u00e1sokat ny\u00fajtja.<br \/>\nA term\u00e9kekn\u00e9l megjelen\u00edtett k\u00e9pek csak illusztr\u00e1ci\u00f3k, a val\u00f3s\u00e1gt\u00f3l elt\u00e9rhetnek.<br \/>\nA megjelen\u00edtett term\u00e9kek online, a web\u00e1ruh\u00e1z szoftver\u00e9n kereszt\u00fcl vagy \u00fczlet\u00fcnkben szem\u00e9lyesen rendelhet\u0151ek meg.<br \/>\nAz \u00e1rak a h\u00e1zhozsz\u00e1ll\u00edt\u00e1s k\u00f6lts\u00e9g\u00e9t nem tartalmazz\u00e1k, a web\u00e1ruh\u00e1z szoftver\u00e9n kereszt\u00fcl azonban a h\u00e1zhozsz\u00e1ll\u00edt\u00e1s d\u00edj\u00e1t k\u00fcl\u00f6n felt\u00fcntetj\u00fck.<br \/>\nTerm\u00e9keink \u00e1tvehet\u0151k h\u00e1zhozsz\u00e1ll\u00edt\u00e1ssal vagy szem\u00e9lyesen a Sz\u00e1ll\u00edt\u00e1si Inform\u00e1ci\u00f3k oldalunkon r\u00e9szletezett felt\u00e9telekkel.<br \/>\n\u00c1raink brutt\u00f3 \u00e1rak, tartalmazz\u00e1k a 27%-os \u00c1FA-t \u00e9s forintban \u00e9rtend\u0151ek.<br \/>\n<strong>\u00c1llami hivatalok, int\u00e9zm\u00e9nyek r\u00e9sz\u00e9re kiz\u00e1r\u00f3lag az adott int\u00e9zm\u00e9ny \u00edr\u00e1sban t\u00f6rt\u00e9n\u0151 megrendel\u00e9se alapj\u00e1n k\u00e9sz\u00edt\u00fcnk b\u00e9lyegz\u0151t. A megrendel\u0151nek minden esetben igazolnia kell, hogy jogosult az int\u00e9zm\u00e9ny illetve szervezet k\u00e9pviselet\u00e9re.<\/strong><br \/>\n<strong>A pecs\u00e9tsz\u00e1mmal ell\u00e1tott b\u00e9lyegz\u0151ket (pl. orvosok, \u00fcgyv\u00e9dek r\u00e9sz\u00e9re) is csak hivatalos, \u00edr\u00e1sos megrendel\u00e9s alapj\u00e1n k\u00e9sz\u00edtj\u00fck el.<\/strong><\/p>\n<h2>Regisztr\u00e1ci\u00f3, v\u00e1s\u00e1rl\u00e1s menete<\/h2>\n<p><strong>A v\u00e1s\u00e1rl\u00e1shoz nem sz\u00fcks\u00e9ges regisztr\u00e1lnia web\u00e1ruh\u00e1zunkba, regisztr\u00e1ci\u00f3 n\u00e9lk\u00fcl is v\u00e1s\u00e1rolhat.<\/strong><\/p>\n<p>1. A term\u00e9k(ek) adatlapj\u00e1n r\u00e1kattint a \u201eKos\u00e1rba\u201d gombra, ekkor a term\u00e9k beleker\u00fcl az \u00d6n kosar\u00e1ba. Ezt k\u00f6vet\u0151en megtekintheti a kos\u00e1r tartalm\u00e1t, illetve tov\u00e1bb v\u00e1s\u00e1rolhat.<br \/>\n2. J\u00e1rjon el az 1-es pontban le\u00edrtak szerint minden megv\u00e1s\u00e1rolni k\u00edv\u00e1nt term\u00e9k eset\u00e9ben.<br \/>\n3. Amikor minden term\u00e9ket elhelyezett a kosar\u00e1ban kattintson a \u201eKos\u00e1r tartalma\u201d gombra.<br \/>\n4. A kos\u00e1rban a term\u00e9keket t\u00f6r\u00f6lheti, mennyis\u00e9g\u00fcket m\u00f3dos\u00edthatja a sorban megadott beviteli mez\u0151be val\u00f3 mennyis\u00e9g megad\u00e1s\u00e1val, majd a \u201eKos\u00e1r friss\u00edt\u00e9se\u201d gomb megnyom\u00e1s\u00e1val.<br \/>\n5. A kos\u00e1r oldalon tal\u00e1lhat\u00f3 \u201eTov\u00e1bb a p\u00e9nzt\u00e1rhoz\u201d gombra kattintva haladhat tov\u00e1bb a megrendel\u00e9s folyamat\u00e1ban.<br \/>\n6. A megrendel\u00e9s lead\u00e1snak utols\u00f3 l\u00e9p\u00e9sek\u00e9nt \u201eP\u00e9nzt\u00e1r\u201d oldalon megadja a Sz\u00e1ml\u00e1z\u00e1si \u00e9s Sz\u00e1ll\u00edt\u00e1si adatokat, kiv\u00e1lasztja a k\u00e9rt sz\u00e1ll\u00edt\u00e1si m\u00f3dot \u00e9s fizet\u00e9si m\u00f3dot, ezut\u00e1n a \u201eMegrendel\u00e9s elk\u00fcld\u00e9se\u201d gombra kattintva elk\u00fcldi rendel\u00e9s\u00e9t nek\u00fcnk.<br \/>\n7. Rendszer\u00fcnk a megrendel\u00e9sr\u0151l egy automatikus levelet k\u00fcld \u00d6nnek, melyben tal\u00e1lhat\u00f3 rendel\u00e9si sz\u00e1mra hivatkozva \u00e9rdekl\u0151dhet megrendel\u00e9s\u00e9vel kapcsolatban el\u00e9rhet\u0151s\u00e9geink b\u00e1rmelyik\u00e9n.<br \/>\n8. A megrendel\u00e9s akkor v\u00e1lik \u00e9l\u0151v\u00e9, ha azt az \u00fcgyf\u00e9lszolg\u00e1lat e-mailben visszaigazolja.<br \/>\n9. A megrendel\u00e9sek feldolgoz\u00e1sa munkanapokon 9-t\u0151l 16 \u00f3r\u00e1ig t\u00f6rt\u00e9nik.<br \/>\n10. A megrendel\u00e9s feldolgoz\u00e1sak\u00e9nt megjel\u00f6lt id\u0151pontokon k\u00edv\u00fcl is van lehet\u0151s\u00e9g a megrendel\u00e9s lead\u00e1s\u00e1ra, amennyiben az a munkaid\u0151 lej\u00e1rta ut\u00e1n t\u00f6rt\u00e9nik, az azt k\u00f6vet\u0151 napon ker\u00fcl feldolgoz\u00e1sra.<br \/>\n11. \u00c1t nem vett, visszak\u00fcld\u00f6tt csomagok eset\u00e9n a visszasz\u00e1ll\u00edt\u00e1s d\u00edja megrendel\u0151t terheli, \u00fajra k\u00fcld\u00e9s\u00e9t kiz\u00e1r\u00f3lag a csomag ellen\u00e9rt\u00e9k\u00e9nek el\u0151re t\u00f6rt\u00e9n\u0151 \u00e1tutal\u00e1sa eset\u00e9n \u00e1ll m\u00f3dunkban ism\u00e9telten elind\u00edtani!<br \/>\nGarancia<\/p>\n<h2>El\u00e1ll\u00e1s joga<\/h2>\n<p><strong>Az el\u00e1ll\u00e1s jog\u00e1t a 45\/2014. (II. 26.) Korm. Rendelet szab\u00e1lyozza.<\/strong><\/p>\n<h3>El\u00e1ll\u00e1s lehet\u0151s\u00e9ge a V\u00e1s\u00e1rl\u00f3 r\u00e9sz\u00e9r\u0151l<\/h3>\n<p>Mivel a Sz\u00e1ll\u00edt\u00f3 a megrendelt term\u00e9ket kifejezetten a V\u00e1s\u00e1rl\u00f3 egyedi k\u00e9r\u00e9s\u00e9re gy\u00e1rtja le, a V\u00e1s\u00e1rl\u00f3t a szerz\u0151d\u00e9st\u0151l val\u00f3 egyoldal\u00fa el\u00e1ll\u00e1si jog nem illeti meg.<br \/>\nHa a teljes\u00edt\u00e9s a Sz\u00e1ll\u00edt\u00f3 r\u00e9sz\u00e9r\u0151l legk\u00e9s\u0151bb a v\u00e1llal\u00e1si hat\u00e1rid\u0151t k\u00f6vet\u0151 10. munkanapon nem t\u00f6rt\u00e9nik meg \u00e9s \u00faj meg\u00e1llapod\u00e1s nem j\u00f6n l\u00e9tre annak hat\u00e1ridej\u00e9r\u0151l \u00e9s m\u00f3dj\u00e1r\u00f3l, abban az esetben a V\u00e1s\u00e1rl\u00f3 jogosult a megrendel\u00e9st\u0151l egyoldal\u00faan el\u00e1llni. A Sz\u00e1ll\u00edt\u00f3 ebben az esetben k\u00f6teles az el\u0151zetesen megfizetett v\u00e9tel\u00e1rat a V\u00e1s\u00e1rl\u00f3nak visszafizetni; ennek k\u00f6lts\u00e9ge teljes eg\u00e9sz\u00e9ben a Sz\u00e1ll\u00edt\u00f3t terheli.<\/p>\n<h3>El\u00e1ll\u00e1s lehet\u0151s\u00e9ge Sz\u00e1ll\u00edt\u00f3 r\u00e9sz\u00e9r\u0151l<\/h3>\n<p>Abban az esetben, ha az ellen\u00e9rt\u00e9k kifizet\u00e9se a fizet\u00e9si m\u00f3dokn\u00e1l meghat\u00e1rozott id\u0151ben nem t\u00f6rt\u00e9nik meg, a Sz\u00e1ll\u00edt\u00f3 jogosult a szerz\u0151d\u00e9st\u0151l egyoldal\u00faan el\u00e1llni. Ekkor sem a Sz\u00e1ll\u00edt\u00f3t, sem a V\u00e1s\u00e1rl\u00f3t nem terheli tov\u00e1bbi k\u00f6telezetts\u00e9g.<br \/>\nHa a megrendel\u00e9skor k\u00e9ts\u00e9g mer\u00fcl fel a V\u00e1s\u00e1rl\u00f3 \u00e1ltal k\u00e9rt grafika, k\u00e9pi anyag felhaszn\u00e1lhat\u00f3s\u00e1g\u00e1nak jogszer\u0171s\u00e9g\u00e9vel kapcsolatosan, \u00fagy a Sz\u00e1ll\u00edt\u00f3 jogosult a megrendel\u00e9st felf\u00fcggeszteni illetve att\u00f3l egyoldal\u00faan el\u00e1llni. Err\u0151l a d\u00f6nt\u00e9s\u00e9r\u0151l V\u00e1s\u00e1rl\u00f3t k\u00f6teles halad\u00e9ktalanul \u00edr\u00e1sban t\u00e1j\u00e9koztatni.<br \/>\nA web\u00e1ruh\u00e1zban Szolg\u00e1ltat\u00f3 minden term\u00e9kr\u0151l r\u00e9szletes le\u00edr\u00e1st ad \u00e9s fot\u00f3t jelen\u00edt meg. A k\u00e9pek n\u00e9ha elt\u00e9rhetnek a val\u00f3s\u00e1gost\u00f3l, n\u00e9h\u00e1ny helyen csak illusztr\u00e1ci\u00f3k\u00e9nt szerepelnek. Szolg\u00e1ltat\u00f3 nem v\u00e1llal felel\u0151ss\u00e9get az esetleges minim\u00e1lis kin\u00e9zeti k\u00fcl\u00f6nb\u00f6z\u0151s\u00e9gek\u00e9rt, de t\u00f6rekszik a term\u00e9kek val\u00f3s k\u00e9peinek felt\u00fcntet\u00e9s\u00e9re.<\/p>\n<p>Amennyiben akci\u00f3s \u00e1r ker\u00fcl bevezet\u00e9sre, Szolg\u00e1ltat\u00f3 teljes k\u00f6r\u0171en t\u00e1j\u00e9koztatja Felhaszn\u00e1l\u00f3kat az akci\u00f3r\u00f3l \u00e9s annak pontos id\u0151tartam\u00e1r\u00f3l. Az Szolg\u00e1ltat\u00f3 \u00e1ltal biztos\u00edtott kedvezm\u00e9nyek \u00e9s akci\u00f3k nem \u00f6sszevonhat\u00f3k!<br \/>\n<strong>Abban az esetben, ha \u00d6n nem min\u0151s\u00fcl fogyaszt\u00f3nak<\/strong> (p\u00e9ld\u00e1ul c\u00e9gk\u00e9nt v\u00e1s\u00e1rol), vagy web\u00e1ruh\u00e1zunkban egyedi, rendel\u00e9sre k\u00e9sz\u00edtett term\u00e9ket v\u00e1s\u00e1rol, \u00d6nt <strong>nem illeti meg az el\u00e1ll\u00e1s joga.<\/strong><\/p>\n<p><strong>Abban az esetben, ha \u00d6n fogyaszt\u00f3nak min\u0151s\u00fcl, \u00e9s web\u00e1ruh\u00e1zunkban nem egyedi, rendel\u00e9sre k\u00e9sz\u00edtett term\u00e9ket v\u00e1s\u00e1rol, megilleti \u00d6nt az el\u00e1ll\u00e1s joga.<\/strong><\/p>\n<p>Ebben az esetben \u00d6n 14 napon bel\u00fcl jogosult indokol\u00e1s n\u00e9lk\u00fcl el\u00e1llni e szerz\u0151d\u00e9st\u0151l. Hasonl\u00f3k\u00e9ppen, ha a szolg\u00e1ltat\u00e1s ny\u00fajt\u00e1s\u00e1ra ir\u00e1nyul\u00f3 szerz\u0151d\u00e9s eset\u00e9n a szerz\u0151d\u00e9s teljes\u00edt\u00e9se megkezd\u0151d\u00f6tt, \u00d6n jogosult 14 napon bel\u00fcl indokol\u00e1s n\u00e9lk\u00fcl felmondani a szerz\u0151d\u00e9st.<br \/>\nAz el\u00e1ll\u00e1si\/felmond\u00e1si hat\u00e1rid\u0151 az att\u00f3l a napt\u00f3l sz\u00e1m\u00edtott 14 nap eltelt\u00e9vel j\u00e1r le, amelyen \u00d6n vagy az \u00d6n \u00e1ltal megjel\u00f6lt, a fuvaroz\u00f3t\u00f3l elt\u00e9r\u0151 harmadik szem\u00e9ly a term\u00e9ket \u00e1tveszi.<\/p>\n<p>Ha \u00d6n el\u00e1ll\u00e1si\/felmond\u00e1si jog\u00e1val \u00e9lni k\u00edv\u00e1n, el\u00e1ll\u00e1si\/felmond\u00e1si sz\u00e1nd\u00e9k\u00e1t tartalmaz\u00f3 egy\u00e9rtelm\u0171 nyilatkozat\u00e1t k\u00f6teles eljuttatni post\u00e1n (Graficolor Kft. &#8211; 2890 Tata, M\u00e1jus 1. \u00fat 6.) vagy elektronikusan (webshop@graficolor.hu) k\u00fcld\u00f6tt lev\u00e9l \u00fatj\u00e1n.<br \/>\nEbb\u0151l a c\u00e9lb\u00f3l felhaszn\u00e1lhatja a mell\u00e9kelt el\u00e1ll\u00e1si\/felmond\u00e1si nyilatkozat-mint\u00e1t is.<\/p>\n<p>\u00d6n hat\u00e1rid\u0151ben gyakorolja el\u00e1ll\u00e1si\/felmond\u00e1si jog\u00e1t, ha a fent megjel\u00f6lt hat\u00e1rid\u0151 lej\u00e1rta el\u0151tt elk\u00fcldi el\u00e1ll\u00e1si\/felmond\u00e1si nyilatkozat\u00e1t.<\/p>\n<h3>Az el\u00e1ll\u00e1s\/felmond\u00e1s joghat\u00e1sai<\/h3>\n<p>Ha \u00d6n el\u00e1ll ett\u0151l a szerz\u0151d\u00e9st\u0151l, halad\u00e9ktalanul, de legk\u00e9s\u0151bb az \u00d6n el\u00e1ll\u00e1si nyilatkozat\u00e1nak k\u00e9zhezv\u00e9tel\u00e9t\u0151l sz\u00e1m\u00edtott 14 napon bel\u00fcl visszat\u00e9r\u00edtj\u00fck az \u00d6n \u00e1ltal teljes\u00edtett valamennyi ellenszolg\u00e1ltat\u00e1st, ide\u00e9rtve a fuvaroz\u00e1si k\u00f6lts\u00e9get is (kiv\u00e9ve azokat a t\u00f6bbletk\u00f6lts\u00e9geket, amelyek amiatt mer\u00fcltek fel, hogy \u00d6n az \u00e1ltalunk felk\u00edn\u00e1lt, legolcs\u00f3bb szok\u00e1sos fuvaroz\u00e1si m\u00f3dt\u00f3l elt\u00e9r\u0151 fuvaroz\u00e1si m\u00f3dot v\u00e1lasztott.)<\/p>\n<p><strong>A visszat\u00e9r\u00edt\u00e9st mindaddig visszatarthatjuk, am\u00edg s\u00e9rtetlen\u00fcl, hat\u00e1rid\u0151n bel\u00fcl vissza nem kaptuk a term\u00e9ket.<\/strong><\/p>\n<p>\u00d6n k\u00f6teles sz\u00e1munkra a term\u00e9ket indokolatlan k\u00e9sedelem n\u00e9lk\u00fcl, de legk\u00e9s\u0151bb el\u00e1ll\u00e1si nyilatkozat\u00e1nak k\u00f6zl\u00e9s\u00e9t\u0151l sz\u00e1m\u00edtott 14 napon bel\u00fcl visszak\u00fcldeni vagy \u00e1tadni. A hat\u00e1rid\u0151 betartottnak min\u0151s\u00fcl, ha a 14 napos hat\u00e1rid\u0151 letelte el\u0151tt elk\u00fcldi a term\u00e9ket.<br \/>\nA visszat\u00e9r\u00edt\u00e9sn\u00e9l minden esetben banki \u00e1tutal\u00e1st alkalmazunk. A term\u00e9k visszak\u00fcld\u00e9s\u00e9nek k\u00f6zvetlen k\u00f6lts\u00e9g\u00e9t \u00d6n viseli.<br \/>\n\u00d6n kiz\u00e1r\u00f3lag akkor vonhat\u00f3 felel\u0151ss\u00e9gre a term\u00e9kben bek\u00f6vetkezett \u00e9rt\u00e9kcs\u00f6kken\u00e9s\u00e9rt, ha az a term\u00e9k jelleg\u00e9nek, tulajdons\u00e1gainak \u00e9s m\u0171k\u00f6d\u00e9s\u00e9nek meg\u00e1llap\u00edt\u00e1s\u00e1hoz sz\u00fcks\u00e9ges haszn\u00e1latot meghalad\u00f3 haszn\u00e1lat miatt k\u00f6vetkezett be.<br \/>\nAmennyiben Megrendel\u0151 \u00e9lni szeretne el\u00e1ll\u00e1si jog\u00e1val, annak jelz\u00e9s\u00e9t megteheti Szolg\u00e1ltat\u00f3 el\u00e9rhet\u0151s\u00e9geinek valamelyik\u00e9n \u00edr\u00e1sban. Postai \u00faton, aj\u00e1nlott lev\u00e9lk\u00e9nt, \u00edr\u00e1sban t\u00f6rt\u00e9n\u0151 jelz\u00e9s alkalm\u00e1val a post\u00e1ra ad\u00e1s id\u0151pontj\u00e1t vessz\u00fck figyelembe. A megrendelt term\u00e9ket Megrendel\u0151 postai \u00faton, vagy fut\u00e1rszolg\u00e1lat seg\u00edts\u00e9g\u00e9vel juttathatja vissza Szolg\u00e1ltat\u00f3 r\u00e9sz\u00e9re.<\/p>\n<p>Megrendel\u0151nek kiemelten \u00fcgyelnie kell a term\u00e9k rendeltet\u00e9sszer\u0171 haszn\u00e1lat\u00e1ra, ugyanis a nem rendeltet\u00e9sszer\u0171 haszn\u00e1lat\u00e1b\u00f3l ered\u0151 k\u00e1roknak megt\u00e9r\u00edt\u00e9se Megrendel\u0151t terheli.<\/p>\n<h2>\u00c1tv\u00e9teli id\u0151, sz\u00e1ll\u00edt\u00e1si k\u00f6lts\u00e9g<\/h2>\n<p>Szem\u00e9lyes \u00e1tv\u00e9tel eset\u00e9n nem ker\u00fcl felsz\u00e1m\u00edt\u00e1sra sz\u00e1ll\u00edt\u00e1si k\u00f6lts\u00e9g.. Amennyiben Megrendel\u0151 szem\u00e9lyes \u00e1tv\u00e9telt jel\u00f6lt meg, a megrendel\u00e9s\u00e9t k\u00f6teles 14 napt\u00e1ri napon bel\u00fcl \u00e1tvenni. A 15. napt\u00f3l az \u00e1tv\u00e9telkor heti brutt\u00f3 500 Ft t\u00e1rol\u00e1si d\u00edjat kell megfizetnie. Amennyiben Megrendel\u0151 el\u0151re jelzi \u00edr\u00e1sban, hogy megrendel\u00e9s\u00e9nek \u00e1tv\u00e9tel\u00e9ben akad\u00e1lyoztatva van, \u00fagy a t\u00e1rol\u00e1si d\u00edjt\u00f3l tov\u00e1bbi 14 napt\u00e1ri napra Szolg\u00e1ltat\u00f3 eltekint. Amennyiben Megrendel\u0151 a 14 napon bel\u00fcl \u00e1t nem vett term\u00e9k kisz\u00e1ll\u00edt\u00e1s\u00e1t k\u00e9ri, \u00fagy a sz\u00e1ll\u00edt\u00e1s minden esetben a sz\u00e1ll\u00edt\u00e1si inform\u00e1ci\u00f3ban megtal\u00e1lhat\u00f3 d\u00edj ellen\u00e9rt\u00e9k\u00e9ben t\u00f6rt\u00e9nik.<\/p>\n<p>Amennyiben a weboldalon hiba vagy hi\u00e1nyoss\u00e1g l\u00e9p fel a term\u00e9kekn\u00e9l vagy az \u00e1rakn\u00e1l, fenntartjuk a jogot a korrekci\u00f3ra. Ilyen esetben a hiba felismer\u00e9se, illetve m\u00f3dos\u00edt\u00e1sa ut\u00e1n Szolg\u00e1ltat\u00f3 azonnal t\u00e1j\u00e9koztatja Megrendel\u0151t az \u00faj adatokr\u00f3l. Megrendel\u0151 ezt k\u00f6vet\u0151en m\u00e9g egyszer meger\u0151s\u00edtheti a megrendel\u00e9st, vagy lehet\u0151s\u00e9g van arra, hogy b\u00e1rmely f\u00e9l el\u00e1lljon a szerz\u0151d\u00e9st\u0151l minden tov\u00e1bbi k\u00f6vetkezm\u00e9ny n\u00e9lk\u00fcl.<\/p>\n<p>A sz\u00e1ml\u00e1t a csomag tartalmazza. Megrendel\u0151 k\u00f6teles a csomagot k\u00e9zbes\u00edt\u00e9skor a fut\u00e1r el\u0151tt megvizsg\u00e1lni, \u00e9s term\u00e9keken, csomagol\u00e1son \u00e9szlelt esetleges s\u00e9r\u00fcl\u00e9s eset\u00e9n k\u00f6teles jegyz\u0151k\u00f6nyv felv\u00e9tel\u00e9t k\u00e9rni. S\u00e9r\u00fcl\u00e9s eset\u00e9n a csomagot nem k\u00f6teles \u00e1tvenni. Ut\u00f3lagos, jegyz\u0151k\u00f6nyv n\u00e9lk\u00fcli reklam\u00e1ci\u00f3t Szolg\u00e1ltat\u00f3 nem fogad el! A csomagok k\u00e9zbes\u00edt\u00e9se kiz\u00e1r\u00f3lag munkanapokon t\u00f6rt\u00e9nik 8-18 \u00f3ra k\u00f6z\u00f6tti id\u0151szakban.<\/p>\n<h2>Adatkezel\u00e9s<\/h2>\n<p>Az web\u00e1ruh\u00e1z haszn\u00e1lata sor\u00e1n rendelkez\u00e9s\u00e9re bocs\u00e1tott szem\u00e9lyes adatait bizalmasan kezelj\u00fck, harmadik f\u00e9l r\u00e9sz\u00e9re nem adjuk \u00e1t. Ez al\u00f3l kiv\u00e9telt jelentenek az alv\u00e1llalkoz\u00f3nak sz\u00fcks\u00e9gesen megadott adatok, melyek n\u00e9lk\u00fcl a rendel\u00e9s teljes\u00edt\u00e9se nem kivitelezhet\u0151, p\u00e9ld\u00e1ul a fut\u00e1rszolg\u00e1latnak \u00e1tadott kisz\u00e1ll\u00edt\u00e1shoz sz\u00fcks\u00e9ges inform\u00e1ci\u00f3k.<\/p>\n<p>A web\u00e1ruh\u00e1z b\u00f6ng\u00e9sz\u00e9se sor\u00e1n technikai inform\u00e1ci\u00f3k ker\u00fclnek a Szolg\u00e1ltat\u00f3hoz, melyek szem\u00e9lyes azonos\u00edt\u00e1sra nem haszn\u00e1lhat\u00f3k, de statisztikai c\u00e9lokat szolg\u00e1lnak.<br \/>\nA rendszer adatokat t\u00e1rol a felhaszn\u00e1l\u00f3 sz\u00e1m\u00edt\u00f3g\u00e9p\u00e9n is \u00fagynevezett s\u00fctik form\u00e1j\u00e1ban (cookie). A s\u00fctik a felhaszn\u00e1l\u00f3 szem\u00e9ly\u00e9nek azonos\u00edt\u00e1s\u00e1ra nem alkalmasak, \u00e9s a munkamenet idej\u00e9n \u00e9lnek.<\/p>\n<p>A web\u00e1ruh\u00e1z rendszer haszn\u00e1lat\u00e1hoz a b\u00f6ng\u00e9sz\u0151j\u00e9ben a cookie-k haszn\u00e1lat\u00e1t enged\u00e9lyezni sz\u00fcks\u00e9ges, en\u00e9lk\u00fcl bizonyos funkci\u00f3k m\u0171k\u00f6d\u00e9sk\u00e9ptelenek.<\/p>\n<p>A megrendelt term\u00e9kr\u0151l sz\u00e1mla k\u00e9sz\u00fcl, melynek t\u00e1rol\u00e1sa a hat\u00e1lyos jogszab\u00e1lyokban el\u0151\u00edrt m\u00f3don \u00e9s ideig t\u00e1rol\u00e1sra ker\u00fcl.<\/p>\n<p>Adatainak t\u00f6rl\u00e9s\u00e9t a rendszerb\u0151l, m\u00f3dos\u00edt\u00e1s\u00e1t b\u00e1rmikor \u00edr\u00e1sban k\u00e9rheti.<\/p>\n<p>Jelen szerz\u0151d\u00e9sben nem szab\u00e1lyozott k\u00e9rd\u00e9sekben a mindenkor hat\u00e1lyos Polg\u00e1ri t\u00f6rv\u00e9nyk\u00f6nyvr\u0151l sz\u00f3l\u00f3 2013. \u00e9vi V. t\u00f6rv\u00e9ny szab\u00e1lyai ir\u00e1nyad\u00f3k.<\/p>\n<p><a href=\"https:\/\/graficolor.hu\/webshop\/adatkezelesi-tajekoztato\/\">R\u00e9szletes adatkezel\u00e9si t\u00e1j\u00e9koztat\u00f3nkat ide kattintva olvashatja el.<\/a><\/p>\n","protected":false},"excerpt":{"rendered":"<p>\u00c1ltal\u00e1nos Szerz\u0151d\u00e9si \u00e9s Felhaszn\u00e1l\u00e1si felt\u00e9telek K\u00e9rj\u00fck, ha a szerz\u0151d\u00e9s b\u00e1rmely r\u00e9sz\u00e9vel kapcsolatban k\u00e9rd\u00e9se mer\u00fcl fel, keresse \u00fcgyf\u00e9lszolg\u00e1latunkat, ahol pontos t\u00e1j\u00e9koztat\u00e1st kaphat! \u00dczemeltet\u0151i adatok C\u00e9gn\u00e9v: Graficolor Kft. Sz\u00e9khely: 2890 Tata \u00d6veges u. 11. Levelez\u00e9si c\u00edm: 2890 Tata, M\u00e1jus 1. \u00fat 6. Ad\u00f3sz\u00e1m: 11190868-2-11 C\u00e9gjegyz\u00e9ksz\u00e1m: 11-09-003376 Szerz\u0151d\u00e9s nyelve: magyar El\u00e9rhet\u0151s\u00e9g: webshop@graficolor.hu Telefon: +36-34\/587-270 Az \u00fcgyf\u00e9lszolg\u00e1lat nyitva tart\u00e1sa: [&hellip;]<\/p>\n","protected":false},"author":1,"featured_media":2521,"parent":0,"menu_order":0,"comment_status":"closed","ping_status":"closed","template":"","meta":[],"_links":{"self":[{"href":"https:\/\/graficolor.hu\/webshop\/wp-json\/wp\/v2\/pages\/2519"}],"collection":[{"href":"https:\/\/graficolor.hu\/webshop\/wp-json\/wp\/v2\/pages"}],"about":[{"href":"https:\/\/graficolor.hu\/webshop\/wp-json\/wp\/v2\/types\/page"}],"author":[{"embeddable":true,"href":"https:\/\/graficolor.hu\/webshop\/wp-json\/wp\/v2\/users\/1"}],"replies":[{"embeddable":true,"href":"https:\/\/graficolor.hu\/webshop\/wp-json\/wp\/v2\/comments?post=2519"}],"version-history":[{"count":1,"href":"https:\/\/graficolor.hu\/webshop\/wp-json\/wp\/v2\/pages\/2519\/revisions"}],"predecessor-version":[{"id":49106,"href":"https:\/\/graficolor.hu\/webshop\/wp-json\/wp\/v2\/pages\/2519\/revisions\/49106"}],"wp:featuredmedia":[{"embeddable":true,"href":"https:\/\/graficolor.hu\/webshop\/wp-json\/wp\/v2\/media\/2521"}],"wp:attachment":[{"href":"https:\/\/graficolor.hu\/webshop\/wp-json\/wp\/v2\/media?parent=2519"}],"curies":[{"name":"wp","href":"https:\/\/api.w.org\/{rel}","templated":true}]}}