{"id":1011,"date":"2015-11-24T05:30:11","date_gmt":"2015-11-24T05:30:11","guid":{"rendered":"http:\/\/graficolor.hu\/webshop\/termek\/matt-szinvaltos-bogre\/"},"modified":"2025-02-03T11:14:07","modified_gmt":"2025-02-03T10:14:07","slug":"matt-szinvaltos-bogre","status":"publish","type":"product","link":"https:\/\/graficolor.hu\/webshop\/termek\/matt-szinvaltos-bogre\/","title":{"rendered":"Matt sz\u00ednv\u00e1lt\u00f3s b\u00f6gre"},"content":{"rendered":"<p>A 3 dl-es m\u00e1gikus b\u00f6gre alaphelyzetben k\u00edv\u00fcl sz\u00ednes, bel\u00fcl pedig feh\u00e9r sz\u00edn\u0171. A rajta l\u00e9v\u0151 k\u00e9pb\u0151l szinte semmi sem l\u00e1tszik, am\u00edg forr\u00f3 italt nem t\u00f6lt\u00fcnk bele. A meleg hat\u00e1s\u00e1ra a sz\u00ednes k\u00fcls\u0151 kifeh\u00e9redik \u00e9s a k\u00e9p el\u0151t\u0171nik. Amikor a b\u00f6gre kih\u0171lt \u00fajra els\u00f6t\u00e9tedik a k\u00fclseje. A m\u00e1gikus b\u00f6gre csak k\u00e9zzel mosogathat\u00f3! <strong>A rendel\u00e9st meger\u0151s\u00edt\u0151 e-mailre k\u00e9rj\u00fck, k\u00fcldje el v\u00e1laszlev\u00e9lben a k\u00edv\u00e1nt k\u00e9pet \u00e9s\/vagy sz\u00f6veget.<\/strong><\/p>\n","protected":false},"excerpt":{"rendered":"<p>A 3 dl-es m\u00e1gikus b\u00f6gre alaphelyzetben k\u00edv\u00fcl sz\u00ednes, bel\u00fcl pedig feh\u00e9r sz\u00edn\u0171. A rajta l\u00e9v\u0151 k\u00e9pb\u0151l szinte semmi sem l\u00e1tszik, am\u00edg forr\u00f3 italt nem t\u00f6lt\u00fcnk bele. A meleg hat\u00e1s\u00e1ra a sz\u00ednes k\u00fcls\u0151 kifeh\u00e9redik \u00e9s a k\u00e9p el\u0151t\u0171nik. Amikor a b\u00f6gre kih\u0171lt \u00fajra els\u00f6t\u00e9tedik a k\u00fclseje. A m\u00e1gikus b\u00f6gre csak k\u00e9zzel mosogathat\u00f3! <strong>A rendel\u00e9st meger\u0151s\u00edt\u0151 e-mailre k\u00e9rj\u00fck, k\u00fcldje el v\u00e1laszlev\u00e9lben a k\u00edv\u00e1nt k\u00e9pet \u00e9s\/vagy sz\u00f6veget.<\/strong><\/p>\n","protected":false},"featured_media":36619,"comment_status":"closed","ping_status":"closed","template":"","meta":[],"_links":{"self":[{"href":"https:\/\/graficolor.hu\/webshop\/wp-json\/wp\/v2\/product\/1011"}],"collection":[{"href":"https:\/\/graficolor.hu\/webshop\/wp-json\/wp\/v2\/product"}],"about":[{"href":"https:\/\/graficolor.hu\/webshop\/wp-json\/wp\/v2\/types\/product"}],"replies":[{"embeddable":true,"href":"https:\/\/graficolor.hu\/webshop\/wp-json\/wp\/v2\/comments?post=1011"}],"version-history":[{"count":1,"href":"https:\/\/graficolor.hu\/webshop\/wp-json\/wp\/v2\/product\/1011\/revisions"}],"predecessor-version":[{"id":49871,"href":"https:\/\/graficolor.hu\/webshop\/wp-json\/wp\/v2\/product\/1011\/revisions\/49871"}],"wp:featuredmedia":[{"embeddable":true,"href":"https:\/\/graficolor.hu\/webshop\/wp-json\/wp\/v2\/media\/36619"}],"wp:attachment":[{"href":"https:\/\/graficolor.hu\/webshop\/wp-json\/wp\/v2\/media?parent=1011"}],"curies":[{"name":"wp","href":"https:\/\/api.w.org\/{rel}","templated":true}]}}