{"id":1013,"date":"2015-11-24T05:30:11","date_gmt":"2015-11-24T05:30:11","guid":{"rendered":"http:\/\/graficolor.hu\/webshop\/termek\/szines-fulu-es-belseju-bogre\/"},"modified":"2025-02-03T11:14:52","modified_gmt":"2025-02-03T10:14:52","slug":"szines-fulu-es-belseju-bogre","status":"publish","type":"product","link":"https:\/\/graficolor.hu\/webshop\/termek\/szines-fulu-es-belseju-bogre\/","title":{"rendered":"Sz\u00ednes f\u00fcl\u0171 \u00e9s belsej\u0171 b\u00f6gre"},"content":{"rendered":"<p>A 3 dl-es b\u00f6gr\u00e9k belseje, pereme \u00e9s f\u00fcle sz\u00ednes, garant\u00e1ltan jobban esik bel\u0151le a reggeli k\u00e1v\u00e9, tea! A b\u00f6gr\u00e9k f\u00e9nyk\u00e9ppel \u00e9s egyedi felirattal egyar\u00e1nt rendelhet\u0151ek,kedvelt egyedi aj\u00e1nd\u00e9k csal\u00e1di \u00e9s bar\u00e1ti k\u00f6rben. <strong>A rendel\u00e9st meger\u0151s\u00edt\u0151 e-mailre k\u00e9rj\u00fck, k\u00fcldje el v\u00e1laszlev\u00e9lben a k\u00edv\u00e1nt k\u00e9pet \u00e9s\/vagy sz\u00f6veget.<\/strong><\/p>\n","protected":false},"excerpt":{"rendered":"<p>A 3 dl-es b\u00f6gr\u00e9k belseje, pereme \u00e9s f\u00fcle sz\u00ednes, garant\u00e1ltan jobban esik bel\u0151le a reggeli k\u00e1v\u00e9, tea! A b\u00f6gr\u00e9k f\u00e9nyk\u00e9ppel \u00e9s egyedi felirattal egyar\u00e1nt rendelhet\u0151ek,kedvelt egyedi aj\u00e1nd\u00e9k csal\u00e1di \u00e9s bar\u00e1ti k\u00f6rben. <strong>A rendel\u00e9st meger\u0151s\u00edt\u0151 e-mailre k\u00e9rj\u00fck, k\u00fcldje el v\u00e1laszlev\u00e9lben a k\u00edv\u00e1nt k\u00e9pet \u00e9s\/vagy sz\u00f6veget.<\/strong><\/p>\n","protected":false},"featured_media":34399,"comment_status":"closed","ping_status":"closed","template":"","meta":[],"_links":{"self":[{"href":"https:\/\/graficolor.hu\/webshop\/wp-json\/wp\/v2\/product\/1013"}],"collection":[{"href":"https:\/\/graficolor.hu\/webshop\/wp-json\/wp\/v2\/product"}],"about":[{"href":"https:\/\/graficolor.hu\/webshop\/wp-json\/wp\/v2\/types\/product"}],"replies":[{"embeddable":true,"href":"https:\/\/graficolor.hu\/webshop\/wp-json\/wp\/v2\/comments?post=1013"}],"version-history":[{"count":2,"href":"https:\/\/graficolor.hu\/webshop\/wp-json\/wp\/v2\/product\/1013\/revisions"}],"predecessor-version":[{"id":49873,"href":"https:\/\/graficolor.hu\/webshop\/wp-json\/wp\/v2\/product\/1013\/revisions\/49873"}],"wp:featuredmedia":[{"embeddable":true,"href":"https:\/\/graficolor.hu\/webshop\/wp-json\/wp\/v2\/media\/34399"}],"wp:attachment":[{"href":"https:\/\/graficolor.hu\/webshop\/wp-json\/wp\/v2\/media?parent=1013"}],"curies":[{"name":"wp","href":"https:\/\/api.w.org\/{rel}","templated":true}]}}