{"id":1124,"date":"2015-11-24T05:30:22","date_gmt":"2015-11-24T05:30:22","guid":{"rendered":"http:\/\/graficolor.hu\/webshop\/termek\/classic-2100\/"},"modified":"2025-01-15T14:12:15","modified_gmt":"2025-01-15T13:12:15","slug":"classic-2100","status":"publish","type":"product","link":"https:\/\/graficolor.hu\/webshop\/termek\/classic-2100\/","title":{"rendered":"Classic 2100"},"content":{"rendered":"<p><strong>A rendel\u00e9st meger\u0151s\u00edt\u0151 e-mailre k\u00e9rj\u00fck,k\u00fcldje el v\u00e1laszlev\u00e9lben a k\u00edv\u00e1nt lenyomat sz\u00f6veg\u00e9t, log\u00f3j\u00e1t.<\/strong><br \/>\nKism\u00e9ret\u0171, n\u00e9gysz\u00f6gletes lenyomat\u00fa, er\u0151s fel\u00e9p\u00edt\u00e9s\u0171 f\u00e9mb\u00e9lyegz\u0151. Cserep\u00e1rna sz\u00edne: fekete, k\u00e9k, piros, z\u00f6ld, lila Lenyomat m\u00e9rete: 41*24 mm max. 6 sor<\/p>\n","protected":false},"excerpt":{"rendered":"<p>Kism\u00e9ret\u0171, n\u00e9gysz\u00f6gletes lenyomat\u00fa, er\u0151s fel\u00e9p\u00edt\u00e9s\u0171 f\u00e9mb\u00e9lyegz\u0151.<strong>A rendel\u00e9st meger\u0151s\u00edt\u0151 e-mailre k\u00e9rj\u00fck,k\u00fcldje el v\u00e1laszlev\u00e9lben a k\u00edv\u00e1nt lenyomat sz\u00f6veg\u00e9t, log\u00f3j\u00e1t.<\/strong><\/p>\n","protected":false},"featured_media":3681,"comment_status":"closed","ping_status":"closed","template":"","meta":[],"_links":{"self":[{"href":"https:\/\/graficolor.hu\/webshop\/wp-json\/wp\/v2\/product\/1124"}],"collection":[{"href":"https:\/\/graficolor.hu\/webshop\/wp-json\/wp\/v2\/product"}],"about":[{"href":"https:\/\/graficolor.hu\/webshop\/wp-json\/wp\/v2\/types\/product"}],"replies":[{"embeddable":true,"href":"https:\/\/graficolor.hu\/webshop\/wp-json\/wp\/v2\/comments?post=1124"}],"version-history":[{"count":1,"href":"https:\/\/graficolor.hu\/webshop\/wp-json\/wp\/v2\/product\/1124\/revisions"}],"predecessor-version":[{"id":49993,"href":"https:\/\/graficolor.hu\/webshop\/wp-json\/wp\/v2\/product\/1124\/revisions\/49993"}],"wp:featuredmedia":[{"embeddable":true,"href":"https:\/\/graficolor.hu\/webshop\/wp-json\/wp\/v2\/media\/3681"}],"wp:attachment":[{"href":"https:\/\/graficolor.hu\/webshop\/wp-json\/wp\/v2\/media?parent=1124"}],"curies":[{"name":"wp","href":"https:\/\/api.w.org\/{rel}","templated":true}]}}