{"id":1128,"date":"2015-11-24T05:30:22","date_gmt":"2015-11-24T05:30:22","guid":{"rendered":"http:\/\/graficolor.hu\/webshop\/termek\/classic-2800\/"},"modified":"2025-01-15T14:14:56","modified_gmt":"2025-01-15T13:14:56","slug":"classic-2800","status":"publish","type":"product","link":"https:\/\/graficolor.hu\/webshop\/termek\/classic-2800\/","title":{"rendered":"Classic 2800"},"content":{"rendered":"<p><strong>A rendel\u00e9st meger\u0151s\u00edt\u0151 e-mailre k\u00e9rj\u00fck,k\u00fcldje el v\u00e1laszlev\u00e9lben a k\u00edv\u00e1nt lenyomat sz\u00f6veg\u00e9t, log\u00f3j\u00e1t.<\/strong><br \/>\nF\u00e9mh\u00e1zas b\u00e9lyegz\u0151 nagym\u00e9ret\u0171 n\u00e9gysz\u00f6gletes lenyomattal nagym\u00e9ret\u0171 embl\u00e9m\u00e1khoz, hosszabb sz\u00f6vegekhez. Cserep\u00e1rna sz\u00edne: fekete, k\u00e9k, piros, z\u00f6ld, lila Lenyomat m\u00e9rete: 68*49 mm max. 10 sor<\/p>\n","protected":false},"excerpt":{"rendered":"<p>F\u00e9mh\u00e1zas b\u00e9lyegz\u0151 nagym\u00e9ret\u0171 n\u00e9gysz\u00f6gletes lenyomattal nagym\u00e9ret\u0171 embl\u00e9m\u00e1khoz, hosszabb sz\u00f6vegekhez.<strong>A rendel\u00e9st meger\u0151s\u00edt\u0151 e-mailre k\u00e9rj\u00fck,k\u00fcldje el v\u00e1laszlev\u00e9lben a k\u00edv\u00e1nt lenyomat sz\u00f6veg\u00e9t, log\u00f3j\u00e1t.<\/strong><\/p>\n","protected":false},"featured_media":3695,"comment_status":"closed","ping_status":"closed","template":"","meta":[],"_links":{"self":[{"href":"https:\/\/graficolor.hu\/webshop\/wp-json\/wp\/v2\/product\/1128"}],"collection":[{"href":"https:\/\/graficolor.hu\/webshop\/wp-json\/wp\/v2\/product"}],"about":[{"href":"https:\/\/graficolor.hu\/webshop\/wp-json\/wp\/v2\/types\/product"}],"replies":[{"embeddable":true,"href":"https:\/\/graficolor.hu\/webshop\/wp-json\/wp\/v2\/comments?post=1128"}],"version-history":[{"count":1,"href":"https:\/\/graficolor.hu\/webshop\/wp-json\/wp\/v2\/product\/1128\/revisions"}],"predecessor-version":[{"id":49997,"href":"https:\/\/graficolor.hu\/webshop\/wp-json\/wp\/v2\/product\/1128\/revisions\/49997"}],"wp:featuredmedia":[{"embeddable":true,"href":"https:\/\/graficolor.hu\/webshop\/wp-json\/wp\/v2\/media\/3695"}],"wp:attachment":[{"href":"https:\/\/graficolor.hu\/webshop\/wp-json\/wp\/v2\/media?parent=1128"}],"curies":[{"name":"wp","href":"https:\/\/api.w.org\/{rel}","templated":true}]}}