{"id":1132,"date":"2015-11-24T05:30:22","date_gmt":"2015-11-24T05:30:22","guid":{"rendered":"http:\/\/graficolor.hu\/webshop\/termek\/expert-3900\/"},"modified":"2025-01-15T14:17:29","modified_gmt":"2025-01-15T13:17:29","slug":"expert-3900","status":"publish","type":"product","link":"https:\/\/graficolor.hu\/webshop\/termek\/expert-3900\/","title":{"rendered":"Expert 3900"},"content":{"rendered":"<p><strong>A rendel\u00e9st meger\u0151s\u00edt\u0151 e-mailre k\u00e9rj\u00fck,k\u00fcldje el v\u00e1laszlev\u00e9lben a k\u00edv\u00e1nt lenyomat sz\u00f6veg\u00e9t, log\u00f3j\u00e1t.<\/strong><br \/>\nExtra m\u00e9ret\u0171, nagy teherb\u00edr\u00e1s\u00fa f\u00e9mb\u00e9lyegz\u0151, mely t\u00f6k\u00e9letesen alkalmas t\u00f6bbek k\u00f6z\u00f6tt ipari felhaszn\u00e1l\u00e1sra is. Cserep\u00e1rna sz\u00edne: fekete, k\u00e9k, piros, z\u00f6ld, lila Lenyomat m\u00e9rete: 106*55 mm max. 12 sor<\/p>\n","protected":false},"excerpt":{"rendered":"<p>Extra m\u00e9ret\u0171, nagy teherb\u00edr\u00e1s\u00fa f\u00e9mb\u00e9lyegz\u0151, mely t\u00f6k\u00e9letesen alkalmas t\u00f6bbek k\u00f6z\u00f6tt ipari felhaszn\u00e1l\u00e1sra is.<strong>A rendel\u00e9st meger\u0151s\u00edt\u0151 e-mailre k\u00e9rj\u00fck,k\u00fcldje el v\u00e1laszlev\u00e9lben a k\u00edv\u00e1nt lenyomat sz\u00f6veg\u00e9t, log\u00f3j\u00e1t.<\/strong><\/p>\n","protected":false},"featured_media":3792,"comment_status":"closed","ping_status":"closed","template":"","meta":[],"_links":{"self":[{"href":"https:\/\/graficolor.hu\/webshop\/wp-json\/wp\/v2\/product\/1132"}],"collection":[{"href":"https:\/\/graficolor.hu\/webshop\/wp-json\/wp\/v2\/product"}],"about":[{"href":"https:\/\/graficolor.hu\/webshop\/wp-json\/wp\/v2\/types\/product"}],"replies":[{"embeddable":true,"href":"https:\/\/graficolor.hu\/webshop\/wp-json\/wp\/v2\/comments?post=1132"}],"version-history":[{"count":1,"href":"https:\/\/graficolor.hu\/webshop\/wp-json\/wp\/v2\/product\/1132\/revisions"}],"predecessor-version":[{"id":50001,"href":"https:\/\/graficolor.hu\/webshop\/wp-json\/wp\/v2\/product\/1132\/revisions\/50001"}],"wp:featuredmedia":[{"embeddable":true,"href":"https:\/\/graficolor.hu\/webshop\/wp-json\/wp\/v2\/media\/3792"}],"wp:attachment":[{"href":"https:\/\/graficolor.hu\/webshop\/wp-json\/wp\/v2\/media?parent=1132"}],"curies":[{"name":"wp","href":"https:\/\/api.w.org\/{rel}","templated":true}]}}