{"id":1141,"date":"2015-11-24T05:30:22","date_gmt":"2015-11-24T05:30:22","guid":{"rendered":"http:\/\/graficolor.hu\/webshop\/termek\/s-300\/"},"modified":"2025-01-15T14:18:02","modified_gmt":"2025-01-15T13:18:02","slug":"s-300","status":"publish","type":"product","link":"https:\/\/graficolor.hu\/webshop\/termek\/s-300\/","title":{"rendered":"S 300"},"content":{"rendered":"<p><strong>A rendel\u00e9st meger\u0151s\u00edt\u0151 e-mailre k\u00e9rj\u00fck,k\u00fcldje el v\u00e1laszlev\u00e9lben a k\u00edv\u00e1nt lenyomat sz\u00f6veg\u00e9t, log\u00f3j\u00e1t.<\/strong><br \/>\nStabil m\u0171anyag v\u00e1zas, n\u00e9gysz\u00f6gletes lenyomat\u00fa b\u00e9lyegz\u0151, melyet ak\u00e1r kisebb m\u00e9ret\u0171 log\u00f3val is el tudunk k\u00e9sz\u00edteni. Cserep\u00e1rna sz\u00edne: fekete, k\u00e9k, piros, z\u00f6ld, lila Lenyomat m\u00e9rete: 45*30 mm max. 6 sor<\/p>\n","protected":false},"excerpt":{"rendered":"<p>Stabil m\u0171anyag v\u00e1zas, n\u00e9gysz\u00f6gletes lenyomat\u00fa b\u00e9lyegz\u0151, melyet ak\u00e1r kisebb m\u00e9ret\u0171 log\u00f3val is el tudunk k\u00e9sz\u00edteni.<strong>A rendel\u00e9st meger\u0151s\u00edt\u0151 e-mailre k\u00e9rj\u00fck,k\u00fcldje el v\u00e1laszlev\u00e9lben a k\u00edv\u00e1nt lenyomat sz\u00f6veg\u00e9t, log\u00f3j\u00e1t.<\/strong><\/p>\n","protected":false},"featured_media":4108,"comment_status":"closed","ping_status":"closed","template":"","meta":[],"_links":{"self":[{"href":"https:\/\/graficolor.hu\/webshop\/wp-json\/wp\/v2\/product\/1141"}],"collection":[{"href":"https:\/\/graficolor.hu\/webshop\/wp-json\/wp\/v2\/product"}],"about":[{"href":"https:\/\/graficolor.hu\/webshop\/wp-json\/wp\/v2\/types\/product"}],"replies":[{"embeddable":true,"href":"https:\/\/graficolor.hu\/webshop\/wp-json\/wp\/v2\/comments?post=1141"}],"version-history":[{"count":1,"href":"https:\/\/graficolor.hu\/webshop\/wp-json\/wp\/v2\/product\/1141\/revisions"}],"predecessor-version":[{"id":50002,"href":"https:\/\/graficolor.hu\/webshop\/wp-json\/wp\/v2\/product\/1141\/revisions\/50002"}],"wp:featuredmedia":[{"embeddable":true,"href":"https:\/\/graficolor.hu\/webshop\/wp-json\/wp\/v2\/media\/4108"}],"wp:attachment":[{"href":"https:\/\/graficolor.hu\/webshop\/wp-json\/wp\/v2\/media?parent=1141"}],"curies":[{"name":"wp","href":"https:\/\/api.w.org\/{rel}","templated":true}]}}