{"id":1152,"date":"2015-11-24T05:30:24","date_gmt":"2015-11-24T05:30:24","guid":{"rendered":"http:\/\/graficolor.hu\/webshop\/termek\/pocket-stamp-r-30\/"},"modified":"2025-01-15T14:09:52","modified_gmt":"2025-01-15T13:09:52","slug":"pocket-stamp-r-30","status":"publish","type":"product","link":"https:\/\/graficolor.hu\/webshop\/termek\/pocket-stamp-r-30\/","title":{"rendered":"Pocket Stamp R 30"},"content":{"rendered":"<p><strong>A rendel\u00e9st meger\u0151s\u00edt\u0151 e-mailre k\u00e9rj\u00fck,k\u00fcldje el v\u00e1laszlev\u00e9lben a k\u00edv\u00e1nt lenyomat sz\u00f6veg\u00e9t, log\u00f3j\u00e1t.<\/strong><br \/>\nK\u00f6r alak\u00fa lenyomattal rendelkez\u0151 zsebb\u00e9lyegz\u0151, mely m\u00e9ret\u00e9b\u0151l ad\u00f3d\u00f3an praktikusabb automata t\u00e1rsain\u00e1l, mivel kis helyen elf\u00e9r \u00edgy b\u00e1rhova k\u00f6nnyed\u00e9n magunkkal tudjuk vinni. Cserep\u00e1rna sz\u00edne: fekete, k\u00e9k, piros, z\u00f6ld, lila H\u00e1z sz\u00edne: rubin, indig\u00f3, fekete Lenyomat m\u00e9rete: 30 mm \u00e1tm\u00e9r\u0151j\u0171 max. 4 sor<\/p>\n","protected":false},"excerpt":{"rendered":"<p>K\u00f6r alak\u00fa lenyomattal rendelkez\u0151 zsebb\u00e9lyegz\u0151, mely m\u00e9ret\u00e9b\u0151l ad\u00f3d\u00f3an praktikusabb automata t\u00e1rsain\u00e1l, mivel kis helyen elf\u00e9r \u00edgy b\u00e1rhova k\u00f6nnyed\u00e9n magunkkal tudjuk vinni.<strong>A rendel\u00e9st meger\u0151s\u00edt\u0151 e-mailre k\u00e9rj\u00fck,k\u00fcldje el v\u00e1laszlev\u00e9lben a k\u00edv\u00e1nt lenyomat sz\u00f6veg\u00e9t, log\u00f3j\u00e1t.<\/strong><\/p>\n","protected":false},"featured_media":3804,"comment_status":"closed","ping_status":"closed","template":"","meta":[],"_links":{"self":[{"href":"https:\/\/graficolor.hu\/webshop\/wp-json\/wp\/v2\/product\/1152"}],"collection":[{"href":"https:\/\/graficolor.hu\/webshop\/wp-json\/wp\/v2\/product"}],"about":[{"href":"https:\/\/graficolor.hu\/webshop\/wp-json\/wp\/v2\/types\/product"}],"replies":[{"embeddable":true,"href":"https:\/\/graficolor.hu\/webshop\/wp-json\/wp\/v2\/comments?post=1152"}],"version-history":[{"count":1,"href":"https:\/\/graficolor.hu\/webshop\/wp-json\/wp\/v2\/product\/1152\/revisions"}],"predecessor-version":[{"id":49990,"href":"https:\/\/graficolor.hu\/webshop\/wp-json\/wp\/v2\/product\/1152\/revisions\/49990"}],"wp:featuredmedia":[{"embeddable":true,"href":"https:\/\/graficolor.hu\/webshop\/wp-json\/wp\/v2\/media\/3804"}],"wp:attachment":[{"href":"https:\/\/graficolor.hu\/webshop\/wp-json\/wp\/v2\/media?parent=1152"}],"curies":[{"name":"wp","href":"https:\/\/api.w.org\/{rel}","templated":true}]}}