{"id":1223,"date":"2015-11-24T05:30:31","date_gmt":"2015-11-24T04:30:31","guid":{"rendered":"http:\/\/graficolor.hu\/webshop\/termek\/fenykepes-nyakkendo\/"},"modified":"2025-02-03T11:10:51","modified_gmt":"2025-02-03T10:10:51","slug":"fenykepes-nyakkendo","status":"publish","type":"product","link":"https:\/\/graficolor.hu\/webshop\/termek\/fenykepes-nyakkendo\/","title":{"rendered":"F\u00e9nyk\u00e9pes nyakkend\u0151"},"content":{"rendered":"<p>Aj\u00e1nd\u00e9kozza meg saj\u00e1t mag\u00e1t, \u00e9desapj\u00e1t, szerelm\u00e9t, vagy nagypap\u00e1j\u00e1t ezzel a garant\u00e1ltan egyedi ruhadarabbal! <strong>A rendel\u00e9st meger\u0151s\u00edt\u0151 e-mailre k\u00e9rj\u00fck, k\u00fcldje el v\u00e1laszlev\u00e9lben a k\u00edv\u00e1nt k\u00e9pet \u00e9s\/vagy sz\u00f6veget.<\/strong><\/p>\n","protected":false},"excerpt":{"rendered":"<p>Aj\u00e1nd\u00e9kozza meg saj\u00e1t mag\u00e1t, \u00e9desapj\u00e1t, szerelm\u00e9t, vagy nagypap\u00e1j\u00e1t ezzel a garant\u00e1ltan egyedi ruhadarabbal! <strong>A rendel\u00e9st meger\u0151s\u00edt\u0151 e-mailre k\u00e9rj\u00fck, k\u00fcldje el v\u00e1laszlev\u00e9lben a k\u00edv\u00e1nt k\u00e9pet \u00e9s\/vagy sz\u00f6veget.<\/strong><\/p>\n","protected":false},"featured_media":34356,"comment_status":"closed","ping_status":"closed","template":"","meta":[],"_links":{"self":[{"href":"https:\/\/graficolor.hu\/webshop\/wp-json\/wp\/v2\/product\/1223"}],"collection":[{"href":"https:\/\/graficolor.hu\/webshop\/wp-json\/wp\/v2\/product"}],"about":[{"href":"https:\/\/graficolor.hu\/webshop\/wp-json\/wp\/v2\/types\/product"}],"replies":[{"embeddable":true,"href":"https:\/\/graficolor.hu\/webshop\/wp-json\/wp\/v2\/comments?post=1223"}],"version-history":[{"count":1,"href":"https:\/\/graficolor.hu\/webshop\/wp-json\/wp\/v2\/product\/1223\/revisions"}],"predecessor-version":[{"id":49501,"href":"https:\/\/graficolor.hu\/webshop\/wp-json\/wp\/v2\/product\/1223\/revisions\/49501"}],"wp:featuredmedia":[{"embeddable":true,"href":"https:\/\/graficolor.hu\/webshop\/wp-json\/wp\/v2\/media\/34356"}],"wp:attachment":[{"href":"https:\/\/graficolor.hu\/webshop\/wp-json\/wp\/v2\/media?parent=1223"}],"curies":[{"name":"wp","href":"https:\/\/api.w.org\/{rel}","templated":true}]}}