{"id":1246,"date":"2015-11-24T05:30:33","date_gmt":"2015-11-24T05:30:33","guid":{"rendered":"http:\/\/graficolor.hu\/webshop\/termek\/r-9-rm-50-ml\/"},"modified":"2025-01-15T12:26:33","modified_gmt":"2025-01-15T11:26:33","slug":"r-9-rm-50-ml","status":"publish","type":"product","link":"https:\/\/graficolor.hu\/webshop\/termek\/r-9-rm-50-ml\/","title":{"rendered":"R 9 RM &#8211; 50 ml"},"content":{"rendered":"<p>Az R 9 b\u00e9lyegz\u0151fest\u00e9khez tartoz\u00f3 old\u00f3- \u00e9s tiszt\u00edt\u00f3szer, melyet SOHA nem szabad a fest\u00e9khez \u00f6nteni. Haszn\u00e1lja \u0151ket a b\u00e9lyegz\u0151p\u00e1rna friss\u00edt\u00e9s\u00e9re \u00e9s ut\u00e1nfest\u00e9kez\u00e9s\u00e9re, melyet a fest\u00e9k \u00e9s az old\u00f3- \u00e9s tiszt\u00edt\u00f3szer egym\u00e1s ut\u00e1ni cs\u00f6p\u00f6gtet\u00e9s\u00e9vel tud megtenni.<\/p>\n","protected":false},"excerpt":{"rendered":"<p>Old\u00f3- \u00e9s tiszt\u00edt\u00f3szer az\u00a0R\u00a09 b\u00e9lyegz\u0151fest\u00e9khez.<br \/>\nSOHA NE \u00d6NTSE AZ OLD\u00d3-, TISZT\u00cdT\u00d3SZERT A FEST\u00c9KHEZ!<br \/>\nHaszn\u00e1lja a b\u00e9lyegz\u0151p\u00e1rna friss\u00edt\u00e9s\u00e9re kis mennyis\u00e9gben, ha az kezd kisz\u00e1radni vagy kifogyni bel\u0151le a fest\u00e9k. Csepegtessen a p\u00e1rn\u00e1ra felv\u00e1ltva fest\u00e9ket, illetve old\u00f3-, tiszt\u00edt\u00f3szert.<\/p>\n","protected":false},"featured_media":4380,"comment_status":"closed","ping_status":"closed","template":"","meta":[],"_links":{"self":[{"href":"https:\/\/graficolor.hu\/webshop\/wp-json\/wp\/v2\/product\/1246"}],"collection":[{"href":"https:\/\/graficolor.hu\/webshop\/wp-json\/wp\/v2\/product"}],"about":[{"href":"https:\/\/graficolor.hu\/webshop\/wp-json\/wp\/v2\/types\/product"}],"replies":[{"embeddable":true,"href":"https:\/\/graficolor.hu\/webshop\/wp-json\/wp\/v2\/comments?post=1246"}],"version-history":[{"count":1,"href":"https:\/\/graficolor.hu\/webshop\/wp-json\/wp\/v2\/product\/1246\/revisions"}],"predecessor-version":[{"id":49532,"href":"https:\/\/graficolor.hu\/webshop\/wp-json\/wp\/v2\/product\/1246\/revisions\/49532"}],"wp:featuredmedia":[{"embeddable":true,"href":"https:\/\/graficolor.hu\/webshop\/wp-json\/wp\/v2\/media\/4380"}],"wp:attachment":[{"href":"https:\/\/graficolor.hu\/webshop\/wp-json\/wp\/v2\/media?parent=1246"}],"curies":[{"name":"wp","href":"https:\/\/api.w.org\/{rel}","templated":true}]}}