{"id":49040,"date":"2021-02-17T13:32:39","date_gmt":"2021-02-17T12:32:39","guid":{"rendered":"http:\/\/graficolor.hu\/webshop\/?post_type=product&#038;p=49040"},"modified":"2024-01-15T12:35:56","modified_gmt":"2024-01-15T11:35:56","slug":"kulcstarto-fenyes-2-oldalas","status":"publish","type":"product","link":"https:\/\/graficolor.hu\/webshop\/termek\/kulcstarto-fenyes-2-oldalas\/","title":{"rendered":"Kulcstart\u00f3 2 oldalas"},"content":{"rendered":"<p><span class=\"product-desc\">A kulcstart\u00f3 egy univerz\u00e1lis aj\u00e1nd\u00e9k, ami b\u00e1rmilyen alkalomb\u00f3l, b\u00e1rmilyen koroszt\u00e1ly sz\u00e1m\u00e1ra adhat\u00f3. Lepd meg vele p\u00e9ld\u00e1ul szeretteidet, bar\u00e1taidat kedvenc focist\u00e1j\u00e1nak k\u00e9p\u00e9vel, vagy gyermekedet kedvenc mesefigur\u00e1j\u00e1nak k\u00e9p\u00e9vel, vagy sz\u00fcleidet egy csal\u00e1di fot\u00f3val.<\/span><\/p>\n<p><strong>A rendel\u00e9st meger\u0151s\u00edt\u0151 e-mailre k\u00e9rj\u00fck, k\u00fcldje el v\u00e1laszlev\u00e9lben a k\u00edv\u00e1nt k\u00e9pet \u00e9s\/vagy sz\u00f6veget.<\/strong><\/p>\n","protected":false},"excerpt":{"rendered":"<p>A kulcstart\u00f3 egy univerz\u00e1lis aj\u00e1nd\u00e9k, ami b\u00e1rmilyen alkalomb\u00f3l, b\u00e1rmilyen koroszt\u00e1ly sz\u00e1m\u00e1ra adhat\u00f3. Lepd meg vele p\u00e9ld\u00e1ul szeretteidet, bar\u00e1taidat kedvenc focist\u00e1j\u00e1nak k\u00e9p\u00e9vel, vagy gyermekedet kedvenc mesefigur\u00e1j\u00e1nak k\u00e9p\u00e9vel, vagy sz\u00fcleidet egy csal\u00e1di fot\u00f3val. A rendel\u00e9st meger\u0151s\u00edt\u0151 e-mailre k\u00e9rj\u00fck, k\u00fcldje el v\u00e1laszlev\u00e9lben a k\u00edv\u00e1nt k\u00e9pet \u00e9s\/vagy sz\u00f6veget.<\/p>\n","protected":false},"featured_media":49039,"comment_status":"open","ping_status":"closed","template":"","meta":[],"_links":{"self":[{"href":"https:\/\/graficolor.hu\/webshop\/wp-json\/wp\/v2\/product\/49040"}],"collection":[{"href":"https:\/\/graficolor.hu\/webshop\/wp-json\/wp\/v2\/product"}],"about":[{"href":"https:\/\/graficolor.hu\/webshop\/wp-json\/wp\/v2\/types\/product"}],"replies":[{"embeddable":true,"href":"https:\/\/graficolor.hu\/webshop\/wp-json\/wp\/v2\/comments?post=49040"}],"version-history":[{"count":1,"href":"https:\/\/graficolor.hu\/webshop\/wp-json\/wp\/v2\/product\/49040\/revisions"}],"predecessor-version":[{"id":49467,"href":"https:\/\/graficolor.hu\/webshop\/wp-json\/wp\/v2\/product\/49040\/revisions\/49467"}],"wp:featuredmedia":[{"embeddable":true,"href":"https:\/\/graficolor.hu\/webshop\/wp-json\/wp\/v2\/media\/49039"}],"wp:attachment":[{"href":"https:\/\/graficolor.hu\/webshop\/wp-json\/wp\/v2\/media?parent=49040"}],"curies":[{"name":"wp","href":"https:\/\/api.w.org\/{rel}","templated":true}]}}