{"id":900,"date":"2015-11-24T05:29:59","date_gmt":"2015-11-24T05:29:59","guid":{"rendered":"http:\/\/graficolor.hu\/webshop\/termek\/classic-2000p\/"},"modified":"2025-01-15T14:56:47","modified_gmt":"2025-01-15T13:56:47","slug":"classic-2000p","status":"publish","type":"product","link":"https:\/\/graficolor.hu\/webshop\/termek\/classic-2000p\/","title":{"rendered":"Classic 2000\/P"},"content":{"rendered":"<p><strong>A rendel\u00e9st meger\u0151s\u00edt\u0151 e-mailre k\u00e9rj\u00fck,k\u00fcldje el v\u00e1laszlev\u00e9lben a k\u00edv\u00e1nt lenyomat sz\u00f6veg\u00e9t, log\u00f3j\u00e1t.<\/strong><br \/>\nPraktikus \u00f6nfest\u00e9kez\u0151 b\u00e9lyegz\u0151, melyen a r\u00f6vid sz\u00f6veg a d\u00e1tum el\u0151tt helyezkedik el. Az \u00e9vszalag 12 \u00e9vig haszn\u00e1lhat\u00f3. D\u00e1tum elrendez\u00e9s: 2006 DEC 31., rendel\u00e9sre: 2006-12-31 Cserep\u00e1rna sz\u00edne: fekete, k\u00e9k, piros, z\u00f6ld, lila Mintalenyomat: 26*10 mm, max. 2 sor<\/p>\n","protected":false},"excerpt":{"rendered":"<p>Praktikus \u00f6nfest\u00e9kez\u0151 b\u00e9lyegz\u0151, melyen a r\u00f6vid sz\u00f6veg a d\u00e1tum el\u0151tt helyezkedik el. Az \u00e9vszalag 12 \u00e9vig haszn\u00e1lhat\u00f3.<strong>A rendel\u00e9st meger\u0151s\u00edt\u0151 e-mailre k\u00e9rj\u00fck,k\u00fcldje el v\u00e1laszlev\u00e9lben a k\u00edv\u00e1nt lenyomat sz\u00f6veg\u00e9t, log\u00f3j\u00e1t.<\/strong><\/p>\n","protected":false},"featured_media":3676,"comment_status":"closed","ping_status":"closed","template":"","meta":[],"_links":{"self":[{"href":"https:\/\/graficolor.hu\/webshop\/wp-json\/wp\/v2\/product\/900"}],"collection":[{"href":"https:\/\/graficolor.hu\/webshop\/wp-json\/wp\/v2\/product"}],"about":[{"href":"https:\/\/graficolor.hu\/webshop\/wp-json\/wp\/v2\/types\/product"}],"replies":[{"embeddable":true,"href":"https:\/\/graficolor.hu\/webshop\/wp-json\/wp\/v2\/comments?post=900"}],"version-history":[{"count":1,"href":"https:\/\/graficolor.hu\/webshop\/wp-json\/wp\/v2\/product\/900\/revisions"}],"predecessor-version":[{"id":50040,"href":"https:\/\/graficolor.hu\/webshop\/wp-json\/wp\/v2\/product\/900\/revisions\/50040"}],"wp:featuredmedia":[{"embeddable":true,"href":"https:\/\/graficolor.hu\/webshop\/wp-json\/wp\/v2\/media\/3676"}],"wp:attachment":[{"href":"https:\/\/graficolor.hu\/webshop\/wp-json\/wp\/v2\/media?parent=900"}],"curies":[{"name":"wp","href":"https:\/\/api.w.org\/{rel}","templated":true}]}}