{"id":914,"date":"2015-11-24T05:30:01","date_gmt":"2015-11-24T05:30:01","guid":{"rendered":"http:\/\/graficolor.hu\/webshop\/termek\/expert-3960-jobb-s3\/"},"modified":"2025-01-15T14:51:44","modified_gmt":"2025-01-15T13:51:44","slug":"expert-3960-jobb-s3","status":"publish","type":"product","link":"https:\/\/graficolor.hu\/webshop\/termek\/expert-3960-jobb-s3\/","title":{"rendered":"Expert 3960 Jobb S3"},"content":{"rendered":"<p><strong>A rendel\u00e9st meger\u0151s\u00edt\u0151 e-mailre k\u00e9rj\u00fck,k\u00fcldje el v\u00e1laszlev\u00e9lben a k\u00edv\u00e1nt lenyomat sz\u00f6veg\u00e9t, log\u00f3j\u00e1t.<\/strong><br \/>\nExtra nagy lenyomat\u00fa f\u00e9mh\u00e1zas b\u00e9lyegz\u0151, melynek lenyomat\u00e1n a d\u00e1tum a jobb oldalra igaz\u00edtva tal\u00e1lhat\u00f3. D\u00e1tum elrendez\u00e9s: 2006 DEC 31., rendel\u00e9sre: 2006-12-31 Cserep\u00e1rna sz\u00edne: fekete, k\u00e9k, piros, z\u00f6ld, lila Mintalenyomat: 106*55 mm, max.12 sor<\/p>\n","protected":false},"excerpt":{"rendered":"<p>Extra nagy lenyomat\u00fa f\u00e9mh\u00e1zas b\u00e9lyegz\u0151, melynek lenyomat\u00e1n a d\u00e1tum a jobb oldalra igaz\u00edtva tal\u00e1lhat\u00f3. D\u00e1tum elrendez\u00e9s: 2006 DEC 31., rendel\u00e9sre: 2006-12-31<strong>A rendel\u00e9st meger\u0151s\u00edt\u0151 e-mailre k\u00e9rj\u00fck,k\u00fcldje el v\u00e1laszlev\u00e9lben a k\u00edv\u00e1nt lenyomat sz\u00f6veg\u00e9t, log\u00f3j\u00e1t.<\/strong><\/p>\n","protected":false},"featured_media":3796,"comment_status":"closed","ping_status":"closed","template":"","meta":[],"_links":{"self":[{"href":"https:\/\/graficolor.hu\/webshop\/wp-json\/wp\/v2\/product\/914"}],"collection":[{"href":"https:\/\/graficolor.hu\/webshop\/wp-json\/wp\/v2\/product"}],"about":[{"href":"https:\/\/graficolor.hu\/webshop\/wp-json\/wp\/v2\/types\/product"}],"replies":[{"embeddable":true,"href":"https:\/\/graficolor.hu\/webshop\/wp-json\/wp\/v2\/comments?post=914"}],"version-history":[{"count":1,"href":"https:\/\/graficolor.hu\/webshop\/wp-json\/wp\/v2\/product\/914\/revisions"}],"predecessor-version":[{"id":50033,"href":"https:\/\/graficolor.hu\/webshop\/wp-json\/wp\/v2\/product\/914\/revisions\/50033"}],"wp:featuredmedia":[{"embeddable":true,"href":"https:\/\/graficolor.hu\/webshop\/wp-json\/wp\/v2\/media\/3796"}],"wp:attachment":[{"href":"https:\/\/graficolor.hu\/webshop\/wp-json\/wp\/v2\/media?parent=914"}],"curies":[{"name":"wp","href":"https:\/\/api.w.org\/{rel}","templated":true}]}}