{"id":995,"date":"2015-11-24T05:30:09","date_gmt":"2015-11-24T05:30:09","guid":{"rendered":"http:\/\/graficolor.hu\/webshop\/termek\/n-433-50-ml\/"},"modified":"2025-01-15T14:31:52","modified_gmt":"2025-01-15T13:31:52","slug":"n-433-50-ml","status":"publish","type":"product","link":"https:\/\/graficolor.hu\/webshop\/termek\/n-433-50-ml\/","title":{"rendered":"N 433 &#8211; 50 ml"},"content":{"rendered":"<p>Kit\u00fcn\u0151 fed\u0151k\u00e9pess\u00e9ggel rendelkezik magas pigmenttartalm\u00e1b\u00f3l ad\u00f3d\u00f3an ez a gyorsan sz\u00e1rad\u00f3 fest\u00e9k, melyet nem por\u00f3zus fel\u00fcletekre aj\u00e1nljuk. Aj\u00e1nlott b\u00e9lyegz\u0151p\u00e1rna: COLOP filc bet\u00e9tes cserep\u00e1rn\u00e1k, K 2 filcbet\u00e9tes p\u00e1rna Alkalmazhat\u00f3 b\u00e9lyegz\u0151lemez anyagok: l\u00e9zergumi, f\u00e9m Old\u00f3- \u00e9s tiszt\u00edt\u00f3szerek: N 433 RM Nagyobb kiszerel\u00e9sre k\u00e9rjen aj\u00e1nlatot! Sz\u00ednek: fekete, k\u00e9k, lila, piros, z\u00f6ld, feh\u00e9r<\/p>\n","protected":false},"excerpt":{"rendered":"<p>Kit\u00fcn\u0151 fed\u0151k\u00e9pess\u00e9ggel rendelkezik magas pigmenttartalm\u00e1b\u00f3l ad\u00f3d\u00f3an ez a gyorsan sz\u00e1rad\u00f3 fest\u00e9k, melyet nem por\u00f3zus fel\u00fcletekre aj\u00e1nljuk. Aj\u00e1nlott b\u00e9lyegz\u0151p\u00e1rna: COLOP filc bet\u00e9tes cserep\u00e1rn\u00e1k, K 2 filcbet\u00e9tes p\u00e1rna Alkalmazhat\u00f3 b\u00e9lyegz\u0151lemez anyagok: l\u00e9zergumi, f\u00e9m Old\u00f3- \u00e9s tiszt\u00edt\u00f3szerek: N 433 RM Nagyobb kiszerel\u00e9sre k\u00e9rjen aj\u00e1nlatot! Sz\u00ednek: fekete, k\u00e9k, lila, piros, z\u00f6ld, feh\u00e9r<\/p>\n","protected":false},"featured_media":4362,"comment_status":"closed","ping_status":"closed","template":"","meta":[],"_links":{"self":[{"href":"https:\/\/graficolor.hu\/webshop\/wp-json\/wp\/v2\/product\/995"}],"collection":[{"href":"https:\/\/graficolor.hu\/webshop\/wp-json\/wp\/v2\/product"}],"about":[{"href":"https:\/\/graficolor.hu\/webshop\/wp-json\/wp\/v2\/types\/product"}],"replies":[{"embeddable":true,"href":"https:\/\/graficolor.hu\/webshop\/wp-json\/wp\/v2\/comments?post=995"}],"version-history":[{"count":1,"href":"https:\/\/graficolor.hu\/webshop\/wp-json\/wp\/v2\/product\/995\/revisions"}],"predecessor-version":[{"id":49617,"href":"https:\/\/graficolor.hu\/webshop\/wp-json\/wp\/v2\/product\/995\/revisions\/49617"}],"wp:featuredmedia":[{"embeddable":true,"href":"https:\/\/graficolor.hu\/webshop\/wp-json\/wp\/v2\/media\/4362"}],"wp:attachment":[{"href":"https:\/\/graficolor.hu\/webshop\/wp-json\/wp\/v2\/media?parent=995"}],"curies":[{"name":"wp","href":"https:\/\/api.w.org\/{rel}","templated":true}]}}